{"id":7335,"date":"2024-02-18T13:32:53","date_gmt":"2024-02-18T19:32:53","guid":{"rendered":"https:\/\/rusticosdelsol.com.mx\/test\/?page_id=7335"},"modified":"2026-04-08T23:36:24","modified_gmt":"2026-04-09T05:36:24","slug":"aviso-de-privacidad","status":"publish","type":"page","link":"https:\/\/rusticosdelsol.com.mx\/?page_id=7335","title":{"rendered":"Aviso de privacidad"},"content":{"rendered":"\t\t<div data-elementor-type=\"wp-page\" data-elementor-id=\"7335\" class=\"elementor elementor-7335\" data-elementor-post-type=\"page\">\n\t\t\t\t<div class=\"elementor-element elementor-element-59a145a e-flex e-con-boxed e-con e-parent\" data-id=\"59a145a\" data-element_type=\"container\">\n\t\t\t\t\t<div class=\"e-con-inner\">\n\t\t<div class=\"elementor-element elementor-element-3dc62e1 e-con-full e-flex e-con e-child\" data-id=\"3dc62e1\" data-element_type=\"container\">\n\t\t\t\t<div class=\"elementor-element elementor-element-3c8b00b elementor-widget elementor-widget-heading\" data-id=\"3c8b00b\" data-element_type=\"widget\" data-widget_type=\"heading.default\">\n\t\t\t\t<div class=\"elementor-widget-container\">\n\t\t\t\t\t<h1 class=\"elementor-heading-title elementor-size-default\">Aviso de privacidad<\/h1>\t\t\t\t<\/div>\n\t\t\t\t<\/div>\n\t\t\t\t<div class=\"elementor-element elementor-element-f8f627f elementor-widget-divider--view-line elementor-widget elementor-widget-divider\" data-id=\"f8f627f\" data-element_type=\"widget\" data-widget_type=\"divider.default\">\n\t\t\t\t<div class=\"elementor-widget-container\">\n\t\t\t\t\t\t\t<div class=\"elementor-divider\">\n\t\t\t<span class=\"elementor-divider-separator\">\n\t\t\t\t\t\t<\/span>\n\t\t<\/div>\n\t\t\t\t\t\t<\/div>\n\t\t\t\t<\/div>\n\t\t\t\t<\/div>\n\t\t\t\t\t<\/div>\n\t\t\t\t<\/div>\n\t\t<div class=\"elementor-element elementor-element-d3ba871 e-flex e-con-boxed e-con e-parent\" data-id=\"d3ba871\" data-element_type=\"container\">\n\t\t\t\t\t<div class=\"e-con-inner\">\n\t\t\t\t<div class=\"elementor-element elementor-element-bf213a7 elementor-widget elementor-widget-text-editor\" data-id=\"bf213a7\" data-element_type=\"widget\" data-widget_type=\"text-editor.default\">\n\t\t\t\t<div class=\"elementor-widget-container\">\n\t\t\t\t\t\t\t\t\t<p>El objetivo del sitio web es presentarles los productos y beneficios de R\u00daSTICOS DEL SOL\u00ae y el mismo se encuentra disponible para su informaci\u00f3n, e inter\u00e9s. Los siguientes T\u00e9rminos de Uso, que podr\u00e1n ser modificados peri\u00f3dicamente, se aplicar\u00e1n a todos los que accedan al sitio, como as\u00ed tambi\u00e9n a su uso y contenidos.<\/p><p><strong>1. Objetivos de la informaci\u00f3n<\/strong><br \/>El contenido presentado en el sitio de R\u00daSTICOS DEL SOL\u00ae, solo tiene por finalidad la comunicaci\u00f3n. El sitio no provee consejos ni recomendaciones de ning\u00fan tipo y no deber\u00e1 utilizarse como base de cualquier decisi\u00f3n o acci\u00f3n. Se recomienda consultar a los profesionales id\u00f3neos del campo correspondiente con respecto a la aplicabilidad de cualquier aspecto del contenido.<\/p><p><strong>2. Responsabilidad<\/strong><br \/>R\u00daSTICOS DEL SOL\u00ae no se hace responsable de ning\u00fan da\u00f1o o lesi\u00f3n originada de su acceso al sitio o por imposibilidad de acceder a el o por confiar en cualquier informaci\u00f3n suministrada aqu\u00ed. R\u00daSTICOS DEL SOL\u00ae rechaza cualquier responsabilidad por da\u00f1os directos, indirectos, accidentales, consecutivos, especiales o de otro tipo, oportunidades y beneficios perdidos o cualquier otra p\u00e9rdida o da\u00f1o. Esta limitaci\u00f3n incluye da\u00f1os o virus que puedan afectar a su equipo de computaci\u00f3n.<\/p><p><strong>3. V\u00ednculos con otros sitios de la web<\/strong><br \/>Cualquier v\u00ednculo con otro sitio de Internet se presenta para la mayor conveniencia del usuario. R\u00daSTICOS DEL SOL\u00ae no tiene responsabilidad ni control sobre el contenido o la operaci\u00f3n de tales sitios y no ser\u00b7 responsable por ning\u00fan da\u00f1o o perjuicio surgido de ese contenido o de su operaci\u00f3n.<\/p><p><strong>4. Modificaciones<\/strong><br \/>R\u00daSTICOS DEL SOL\u00ae se reserva el derecho de alterar, modificar, reemplazar o borrar cualquier contenido, restringir el acceso o suspender la distribuci\u00f3n de este sitio en cualquier momento y bajo su exclusiva discreci\u00f3n.<\/p><p><strong>5. Propiedad intelectual y uso del contenido<\/strong><br \/>El contenido de este sitio es propiedad de R\u00daSTICOS DEL SOL\u00ae y se encuentra protegido por las leyes de la propiedad intelectual. Las marcas registradas, comerciales y de servicios, como as\u00ed tambi\u00e9n los logotipos y productos mencionados en este sitio est\u00e1n legalmente protegidos y no se podr\u00e1n utilizar ninguno de ellos sin el consentimiento previo y por escrito de R\u00daSTICOS DEL SOL\u00ae. No obstante, es usted bienvenido a descargar su contenido, solo para uso personal, no comercial. No se autoriza ninguna modificaci\u00f3n ni reproducci\u00f3n del contenido y \u00e9ste no podr\u00e1 ser copiado ni utilizado de ninguna otra manera.<\/p><p><strong>6. Privacidad y Protecci\u00f3n de Datos<\/strong><br \/>En estricto acatamiento a lo dispuesto por la Ley Federal de Protecci\u00f3n de Datos Personales en Posesi\u00f3n de los Particulares (en lo sucesivo \u00abla Ley\u00bb), R\u00daSTICOS DEL SOL\u00ae hace de su conocimiento lo siguiente:<\/p><p>a) Los datos personales y\/o sensibles y\/o informaci\u00f3n que de manera voluntaria nos proporcione o haya proporcionado, es completamente confidencial y se encuentra resguardada por R\u00daSTICOS DEL SOL\u00ae, quien es el responsable del uso y tratamiento de sus datos personales.<br \/>b) La utilizaci\u00f3n de los datos recopilados ser\u00e1 utilizada exclusivamente para: (i) proveer servicios requeridos as\u00ed como actividades afines; (ii) informar sobre nuevos servicios que est\u00e9n relacionado con el contratado; (iii) dar cumplimiento a obligaciones contra\u00eddas con nuestros clientes; (iv) evaluar la calidad del servicio; (v) fines de identificaci\u00f3n; (vi) fines estad\u00edsticos; y (vii) para eventualmente contactarlo con el fin de compartirle noticias de inter\u00e9s sobre derecho.<br \/>c) Por virtud de la transferencia de datos que nos otorgue o hubiese otorgado con anterioridad, autoriza a R\u00daSTICOS DEL SOL\u00ae a utilizar la informaci\u00f3n proporcionada para los fines descritos anteriormente.<br \/>d) Nos comprometemos a no transmitir, vender, alquilar, revelar ni utilizar su informaci\u00f3n personal a favor de terceras personas sin su consentimiento, con excepci\u00f3n de aquella informaci\u00f3n que sea necesario para los fines que la haya proporcionado, o bien, sea requerida por las autoridades federales o locales, en t\u00e9rminos de las leyes aplicables.<br \/>e) Usted tiene el derecho de acceder a sus datos personales que poseemos y a los detalles del tratamiento de los mismos, as\u00ed como a rectificarlos en caso de ser inexactos o instruirnos cancelarlos cuando considere que resulten ser excesivos o innecesarios para las finalidades que justificaron su obtenci\u00f3n u oponerse al tratamiento de los mismos para fines espec\u00edficos.<br \/>f) Para ejercer los derechos de acceso, rectificaci\u00f3n, cancelaci\u00f3n u oposici\u00f3n, el titular de datos personales y\/o sensibles que se encuentren en poder de R\u00daSTICOS DEL SOL\u00ae, deber\u00e1 enviar la solicitud respectiva al correo electr\u00f3nico ventas@rusticosdelsol.com.mx o bien, presentarla personalmente en Av. Tonal\u00e1 #112 y\/o 468 Col. Francisco Villa Tonal\u00e1, Jalisco.<br \/>g) El presente Aviso de Privacidad podr\u00e1 ser modificado y actualizado en cualquier momento, en cuyo caso R\u00daSTICOS DEL SOL\u00ae, notificar\u00e1 los cambios correspondientes mediante la p\u00e1gina web www.rusticosdelsol.com.mx<\/p><p><strong>7. Cr\u00e9ditos y tecnolog\u00eda<\/strong><br \/>Desarrollo gr\u00e1fico web, programaci\u00f3n del sitio, los enlaces de hipertexto, bases de datos o dem\u00e1s elementos multimedia se realizaron por parte de Vitamina Online Solution\u00ae. Todos los contenidos facilitados en este portal Web han sido elaborados con informaci\u00f3n procedente de R\u00daSTICOS DEL SOL\u00ae, como fuente externa a la propia compa\u00f1\u00eda, motivo por el cual Vitamina Online Solution\u00ae no se hace responsable de la posible falta de actualizaci\u00f3n o inexactitud de la informaci\u00f3n perteneciente a dichas fuentes externas.<\/p><p><strong>8. Leyes vigentes<\/strong><br \/>Las presentes pol\u00edticas y aviso de privacidad, as\u00ed como el manejo en general de la Ley que haga R\u00daSTICOS DEL SOL\u00ae, se rige por la legislaci\u00f3n vigente y aplicable en los Estados Unidos Mexicanos, cualquier controversia que se suscite con motivo de su aplicaci\u00f3n deber\u00e1 ventilarse ante los \u00f3rganos jurisdiccionales competentes en la Ciudad de Guadalajara, Jalisco, M\u00e9xico.<\/p>\t\t\t\t\t\t\t\t<\/div>\n\t\t\t\t<\/div>\n\t\t\t\t\t<\/div>\n\t\t\t\t<\/div>\n\t\t\t\t<\/div>\n\t\t","protected":false},"excerpt":{"rendered":"<p>best credit card casinos uk Aviso de privacidad El objetivo del sitio web es presentarles los productos y beneficios de R\u00daSTICOS DEL SOL\u00ae y el mismo se encuentra disponible para su informaci\u00f3n, e inter\u00e9s. Los siguientes T\u00e9rminos de Uso, que podr\u00e1n ser modificados peri\u00f3dicamente, se aplicar\u00e1n a todos los que accedan al sitio, como as\u00ed [&hellip;]<\/p>\n","protected":false},"author":25,"featured_media":0,"parent":0,"menu_order":0,"comment_status":"closed","ping_status":"closed","template":"","meta":{"site-sidebar-layout":"no-sidebar","site-content-layout":"page-builder","ast-site-content-layout":"","site-content-style":"default","site-sidebar-style":"default","ast-global-header-display":"","ast-banner-title-visibility":"","ast-main-header-display":"","ast-hfb-above-header-display":"","ast-hfb-below-header-display":"","ast-hfb-mobile-header-display":"","site-post-title":"disabled","ast-breadcrumbs-content":"disabled","ast-featured-img":"disabled","footer-sml-layout":"","theme-transparent-header-meta":"enabled","adv-header-id-meta":"","stick-header-meta":"","header-above-stick-meta":"","header-main-stick-meta":"","header-below-stick-meta":"","astra-migrate-meta-layouts":"default","ast-page-background-enabled":"default","ast-page-background-meta":{"desktop":{"background-color":"var(--ast-global-color-4)","background-image":"","background-repeat":"repeat","background-position":"center center","background-size":"auto","background-attachment":"scroll","background-type":"","background-media":"","overlay-type":"","overlay-color":"","overlay-opacity":"","overlay-gradient":""},"tablet":{"background-color":"","background-image":"","background-repeat":"repeat","background-position":"center center","background-size":"auto","background-attachment":"scroll","background-type":"","background-media":"","overlay-type":"","overlay-color":"","overlay-opacity":"","overlay-gradient":""},"mobile":{"background-color":"","background-image":"","background-repeat":"repeat","background-position":"center center","background-size":"auto","background-attachment":"scroll","background-type":"","background-media":"","overlay-type":"","overlay-color":"","overlay-opacity":"","overlay-gradient":""}},"ast-content-background-meta":{"desktop":{"background-color":"var(--ast-global-color-5)","background-image":"","background-repeat":"repeat","background-position":"center center","background-size":"auto","background-attachment":"scroll","background-type":"","background-media":"","overlay-type":"","overlay-color":"","overlay-opacity":"","overlay-gradient":""},"tablet":{"background-color":"var(--ast-global-color-5)","background-image":"","background-repeat":"repeat","background-position":"center center","background-size":"auto","background-attachment":"scroll","background-type":"","background-media":"","overlay-type":"","overlay-color":"","overlay-opacity":"","overlay-gradient":""},"mobile":{"background-color":"var(--ast-global-color-5)","background-image":"","background-repeat":"repeat","background-position":"center center","background-size":"auto","background-attachment":"scroll","background-type":"","background-media":"","overlay-type":"","overlay-color":"","overlay-opacity":"","overlay-gradient":""}},"footnotes":""},"class_list":["post-7335","page","type-page","status-publish","hentry"],"aioseo_notices":[],"_links":{"self":[{"href":"https:\/\/rusticosdelsol.com.mx\/index.php?rest_route=\/wp\/v2\/pages\/7335","targetHints":{"allow":["GET"]}}],"collection":[{"href":"https:\/\/rusticosdelsol.com.mx\/index.php?rest_route=\/wp\/v2\/pages"}],"about":[{"href":"https:\/\/rusticosdelsol.com.mx\/index.php?rest_route=\/wp\/v2\/types\/page"}],"author":[{"embeddable":true,"href":"https:\/\/rusticosdelsol.com.mx\/index.php?rest_route=\/wp\/v2\/users\/25"}],"replies":[{"embeddable":true,"href":"https:\/\/rusticosdelsol.com.mx\/index.php?rest_route=%2Fwp%2Fv2%2Fcomments&post=7335"}],"version-history":[{"count":13,"href":"https:\/\/rusticosdelsol.com.mx\/index.php?rest_route=\/wp\/v2\/pages\/7335\/revisions"}],"predecessor-version":[{"id":102317,"href":"https:\/\/rusticosdelsol.com.mx\/index.php?rest_route=\/wp\/v2\/pages\/7335\/revisions\/102317"}],"wp:attachment":[{"href":"https:\/\/rusticosdelsol.com.mx\/index.php?rest_route=%2Fwp%2Fv2%2Fmedia&parent=7335"}],"curies":[{"name":"wp","href":"https:\/\/api.w.org\/{rel}","templated":true}]}}